?
8
What is the ten thousands digit of 330538?
3
What is the units digit of 17561801?
1
What is the units digit of 2046278?
8
What is the ten thousands digit of 355432?
5
What is the ten thousands digit of 103136?
0
What is the tens digit of 8581624?
2
What is the tens digit of 704019?
1
What is the units digit of 3065622?
2
What is the hundred thousands digit of 4174257?
1
What is the hundreds digit of 485787?
7
What is the tens digit of 443049?
4
What is the units digit of 2841830?
0
What is the tens digit of 3066886?
8
What is the hundreds digit of 149298?
2
What is the units digit of 105606?
6
What is the millions digit of 5068997?
5
What is the thousands digit of 730503?
0
What is the hundreds digit of 665975?
9
What is the thousands digit of 381978?
1
What is the tens digit of 2630335?
3
What is the units digit of 2475376?
6
What is the hundreds digit of 24278548?
5
What is the units digit of 277245?
5
What is the ten thousands digit of 6934189?
3
What is the hundred thousands digit of 2117624?
1
What is the hundreds digit of 9744311?
3
What is the ten thousands digit of 161942?
6
What is the hundred thousands digit of 4777799?
7
What is the millions digit of 14867978?
4
What is the units digit of 2227118?
8
What is the ten thousands digit of 388891?
8
What is the tens digit of 5014298?
9
What is the hundreds digit of 1434393?
3
What is the ten thousands digit of 1673455?
7
What is the thousands digit of 149342?
9
What is the tens digit of 10474839?
3
What is the ten millions digit of 13532461?
1
What is the ten thousands digit of 3355238?
5
What is the thousands digit of 21415?
1
What is the thousands digit of 4632025?
2
What is the ten millions digit of 11525656?
1
What is the units digit of 1011278?
8
What is the tens digit of 6664956?
5
What is the millions digit of 37176917?
7
What is the hundred thousands digit of 223585?
2
What is the tens digit of 238920?
2
What is the hundreds digit of 176105?
1
What is the units digit of 35382454?
4
What is the ten thousands digit of 3803412?
0
What is the tens digit of 671265?
6
What is the thousands digit of 115070?
5
What is the hundreds digit of 416578?
5
What is the units digit of 505815?
5
What is the tens digit of 24192?
9
What is the hundreds digit of 1387241?
2
What is the thousands digit of 558195?
8
What is the tens digit of 3438073?
7
What is the thousands digit of 1862523?
2
What is the hundred thousands digit of 328822?
3
What is the thousands digit of 1827226?
7
What is the thousands digit of 3635245?
5
What is the hundred thousands digit of 800945?
8
What is the units digit of 429046?
6
What is the tens digit of 130356?
5
What is the hundred thousands digit of 3560598?
5
What is the ten thousands digit of 9889952?
8
What is the thousands digit of 206975?
6
What is the hundred thousands digit of 1200499?
2
What is the tens digit of 7766127?
2
What is the ten thousands digit of 279192?
7
What is the hundreds digit of 97066?
0
What is the tens digit of 412588?
8
What is the thousands digit of 26794737?
4
What is the hundred thousands digit of 3201929?
2
What is the ten thousands digit of 1014145?
1
What is the thousands digit of 2798855?
8
What is the tens digit of 199881?
8
What is the tens digit of 11844092?
9
What is the thousands digit of 14808480?
8
What is the hundreds digit of 18598717?
7
What is the tens digit of 4265263?
6
What is the thousands digit of 1196887?
6
What is the ten thousands digit of 926547?
2
What is the thousands digit of 924776?
4
What is the ten thousands digit of 1093725?
9
What is the millions digit of 2867337?
2
What is the thousands digit of 6906511?
6
What is the tens digit of 22829980?
8
What is the millions digit of 9988772?
9
What is the units digit of 919346?
6
What is the hundreds digit of 212982?
9
What is the hundred thousands digit of 299041?
2
What is the tens digit of 5458?
5
What is the ten thousands digit of 11310815?
1
What is the hundred thousands digit of 232244?
2
What is the millions digit of 5280187?
5
What is the units digit of 383984?
4
What is the hundred thousands digit of 9030776?
0
What is the tens digit of 457741?
4
What is the tens digit of 8852397?
9
What is the thousands digit of 484679?
4
What is the thousands digit of 1336574?
6
What is the tens digit of 14531241?
4
What is the units digit of 242040?
0
What is the ten thousands digit of 37462?
3
What is the units digit of 402401?
1
What is the hundred thousands digit of 1682908?
6
What is the hundreds digit of 376711?
7
What is the hundreds digit of 1298610?
6
What is the ten thousands digit of 4036390?
3
What is the hundred thousands digit of 249788?
2
What is the hundreds digit of 87554?
5
What is the units digit of 7415276?
6
What is the thousands digit of 10292362?
2
What is the tens digit of 510040?
4
What is the hundred thousands digit of 187736?
1
What is the units digit of 659018?
8
What is the thousands digit of 161113?
1
What is the ten thousands digit of 340602?
4
What is the hundred thousands digit of 2416444?
4
What is the hundreds digit of 7561982?
9
What is the hundreds digit of 467140?
1
What is the ten thousands digit of 4153447?
5
What is the tens digit of 15158114?
1
What is the ten thousands digit of 3591874?
9
What is the thousands digit of 733250?
3
What is the units digit of 1325410?
0
What is the hundred thousands digit of 5537733?
5
What is the millions digit of 23946040?
3
What is the units digit of 10888?
8
What is the units digit of 317166?
6
What is the tens digit of 5630240?
4
What is the thousands digit of 7764243?
4
What is the thousands digit of 731221?
1
What is the units digit of 2642846?
6
What is the hundred thousands digit of 16742725?
7
What is the ten thousands digit of 20590?
2
What is the hundred thousands digit of 6211312?
2
What is the units digit of 641205?
5
What is the thousands digit of 27375436?
5
What is the hundreds digit of 617459?
4
What is the tens digit of 170168?
6
What is the units digit of 9181879?
9
What is the thousands digit of 4933308?
3
What is the tens digit of 16283381?
8
What is the units digit of 8433522?
2
What is the units digit of 1003996?
6
What is the hundreds digit of 4884830?
8
What is the tens digit of 94430?
3
What is the units digit of 221027?
7
What is the hundred thousands digit of 4366004?
3
What is the hundreds digit of 1344325?
3
What is the ten thousands digit of 8769965?
6
What is the thousands digit of 2467452?
7
What is the millions digit of 1394392?
1
What is the tens digit of 4340944?
4
What is the hundred thousands digit of 1023505?
0
What is the thousands digit of 8032685?
2
What is the millions digit of 1548927?
1
What is the ten millions digit of 12589392?
1
What is the hundred thousands digit of 1736423?
7
What is the tens digit of 481752?
5
What is the units digit of 132583?
3
What is the tens digit of 8903?
0
What is the tens digit of 1011208?
0
What is the hundreds digit of 145458?
4
What is the millions digit of 3235656?
3
What is the thousands digit of 3518?
3
What is the units digit of 4072097?
7
What is the hundred thousands digit of 160768?
1
What is the hundreds digit of 579508?
5
What is the thousands digit of 204287?
4
What is the hundred thousands digit of 201008?
2
What is the millions digit of 8663355?
8
What is the hundreds digit of 10179913?
9
What is the hundred thousands digit of 4588318?
5
What is the ten thousands digit of 183105?
8
What is the hundred thousands digit of 204016?
2
What is the ten thousands digit of 61012?
6
What is the ten thousands digit of 69991?
6
What is the tens digit of 1216798?
9
What is the tens digit of 543657?
5
What is the units digit of 8198701?
1
What is the millions digit of 16981988?
6
What is the ten thousands digit of 520836?
2
What is the hundred thousands digit of 114553?
1
What is the hundred thousands digit of 342837?
3
What is the ten thousands digit of 1162960?
6
What is the tens digit of 1857320?
2
What is the hundreds digit of 391965?
9
What is the millions digit of 38642710?
8
What is the millions digit of 3939499?
3
What is the ten thousands digit of 3563240?
6
What is the hundreds digit of 432863?
8
What is the thousands digit of 552223?
2
What is the ten thousands digit of 49327?
4
What is the hundreds digit 